{"id":7,"date":"2022-04-19T17:22:05","date_gmt":"2022-04-19T15:22:05","guid":{"rendered":"https:\/\/www.presenceasoi-delchambre.be\/WP\/?page_id=7"},"modified":"2022-06-13T15:38:58","modified_gmt":"2022-06-13T13:38:58","slug":"accueil","status":"publish","type":"page","link":"https:\/\/www.presenceasoi-delchambre.be\/WP\/","title":{"rendered":"Accueil"},"content":{"rendered":"\n<div style=\"height:16px\" aria-hidden=\"true\" class=\"wp-block-spacer\"><\/div>\n\n\n\n<div class=\"wp-block-cover\" style=\"min-height:187px;aspect-ratio:unset;\"><span aria-hidden=\"true\" class=\"wp-block-cover__background has-background-dim-10 has-background-dim\"><\/span><img loading=\"lazy\" decoding=\"async\" width=\"2000\" height=\"450\" class=\"wp-block-cover__image-background wp-image-411\" alt=\"\" src=\"https:\/\/www.presenceasoi-delchambre.be\/WP\/wp-content\/uploads\/2022\/06\/imcyse-2-1-e1655126335367.jpg\" data-object-fit=\"cover\" srcset=\"https:\/\/www.presenceasoi-delchambre.be\/WP\/wp-content\/uploads\/2022\/06\/imcyse-2-1-e1655126335367.jpg 2000w, https:\/\/www.presenceasoi-delchambre.be\/WP\/wp-content\/uploads\/2022\/06\/imcyse-2-1-e1655126335367-300x68.jpg 300w, https:\/\/www.presenceasoi-delchambre.be\/WP\/wp-content\/uploads\/2022\/06\/imcyse-2-1-e1655126335367-1024x230.jpg 1024w, https:\/\/www.presenceasoi-delchambre.be\/WP\/wp-content\/uploads\/2022\/06\/imcyse-2-1-e1655126335367-768x173.jpg 768w, https:\/\/www.presenceasoi-delchambre.be\/WP\/wp-content\/uploads\/2022\/06\/imcyse-2-1-e1655126335367-1536x346.jpg 1536w\" sizes=\"auto, (max-width: 2000px) 100vw, 2000px\" \/><div class=\"wp-block-cover__inner-container is-layout-flow wp-block-cover-is-layout-flow\">\n<p class=\"has-text-align-center has-medium-font-size\"><strong><em>\u00ab&nbsp;La pleine conscience est une aventure<\/em>. <em>Le moment pr\u00e9sent, un moment pr\u00e9cieux&nbsp;\u00bb<\/em><br><em>Helana Rosenberg<\/em><\/strong><\/p>\n<\/div><\/div>\n\n\n\n<div style=\"height:18px\" aria-hidden=\"true\" class=\"wp-block-spacer\"><\/div>\n\n\n\n<div style=\"height:13px\" aria-hidden=\"true\" class=\"wp-block-spacer\"><\/div>\n\n\n\n<div class=\"wp-block-columns is-layout-flex wp-container-core-columns-is-layout-9d6595d7 wp-block-columns-is-layout-flex\">\n<div class=\"wp-block-column is-layout-flow wp-block-column-is-layout-flow\" style=\"flex-basis:100%\">\n<p class=\"has-text-align-center has-background\" style=\"background-color:#ffffff00;font-size:24px\">Bienvenue sur le site <strong>Pr\u00e9sence \u00e0 soi et \u00e0 la vie<\/strong>. <br>Je vous y pr\u00e9sente mes activit\u00e9s autour de la <br>mindfulness, aussi appel\u00e9e Pleine Conscience.<br><br><em>Martine Delchambre<\/em><\/p>\n<\/div>\n<\/div>\n\n\n\n<p class=\"has-text-align-center has-black-color has-text-color has-background has-medium-font-size\" style=\"background-color:#a7c3d44f\"><em><strong>Introduction sur la m\u00e9ditation de Pleine Conscience<\/strong><\/em><\/p>\n\n\n\n<p class=\"has-text-align-center\"><em>\u00ab&nbsp;La m\u00e9ditation de pleine conscience n\u2019est pas une technique,<\/em><br><em>C\u2019est une mani\u00e8re d\u2019\u00eatre, comme dans \u00ab&nbsp;bien-\u00eatre&nbsp;\u00bb et dans \u00ab&nbsp;\u00eatre bien&nbsp;\u00bb&nbsp;<\/em><br><em>J. Kabat-Zinn<\/em><br><\/p>\n\n\n\n<p>La <strong>m\u00e9ditation de Pleine Conscience<\/strong> est une pratique qui nous permet de d\u00e9velopper et cultiver notre connexion au moment pr\u00e9sent.<\/p>\n\n\n\n<p>La Pleine Conscience (ou pleine pr\u00e9sence ou attention juste) ne consiste pas \u00e0 ne penser \u00e0 rien, mais plut\u00f4t \u00e0 centrer son attention soit de fa\u00e7on cibl\u00e9e vers un ou plusieurs \u00e9l\u00e9ments du pr\u00e9sent (sur sa respiration, sur ses sensations, sur ses \u00e9motions, sur ses pens\u00e9es ou tout autre ph\u00e9nom\u00e8ne), soit de fa\u00e7on non-cibl\u00e9e, en se mettant \u00e0 l\u2019\u00e9coute de tous les \u00e9l\u00e9ments de l&rsquo;instant pr\u00e9sent.<\/p>\n\n\n\n<p>La Pleine Conscience nous aide \u00e0 observer l&rsquo;apparition et la disparition des sensations agr\u00e9ables, neutres ou d\u00e9sagr\u00e9ables, sans juger, sans chercher \u00e0 retenir la sensation agr\u00e9able ni \u00e0 rejeter la sensation d\u00e9sagr\u00e9able. Avec le temps et la pratique, on apprend \u00e0 se d\u00e9tacher de la sensation, \u00e0 la vivre diff\u00e9remment. La Pleine Conscience nous aide aussi \u00e0 observer nos \u00e9motions ou encore nos pens\u00e9es. On apprend ainsi \u00e0 mieux se conna\u00eetre, se comprendre, toujours avec beaucoup de bienveillance&nbsp;; par exemple, identifier les sch\u00e9mas de pens\u00e9e n\u00e9gatifs et r\u00e9p\u00e9titifs qui nous emprisonnent, identifier ce qui nous met en col\u00e8re ou nous attriste, identifier nos besoins profonds, nous reconnecter \u00e0 nos ressources internes,\u2026<\/p>\n\n\n\n<p>La Pleine Conscience nous permet, gr\u00e2ce \u00e0 cette meilleure compr\u00e9hension de nous-m\u00eames et \u00e0 la prise de recul face aux d\u00e9fis de la vie (stress, \u00e9preuves de vie, difficult\u00e9 \u00e0 g\u00e9rer ses \u00e9motions, douleurs chroniques, souffrance due \u00e0 une maladie chronique,\u2026), d\u2019y faire face plus facilement et sereinement.<\/p>\n\n\n\n<p>La Pleine Conscience nous permet de mieux prendre soin de nous mais \u00e9galement des autres. En effet, c\u2019est en \u00e9tant bien avec soi-m\u00eame que nous pouvons d\u00e9velopper des relations saines et positives avec autrui.<\/p>\n\n\n\n<p>De nombreuses \u00e9tudes scientifiques et les progr\u00e8s r\u00e9cents dans le domaine des neurosciences ont permis de valider l\u2019impact positif de la Pleine Conscience sur notre sant\u00e9 physique et mentale. De nombreuses recherches en neurosciences \u00e9tablissent en effet l\u2019existence de changements importants dans l\u2019organisation des r\u00e9seaux de neurones impliqu\u00e9s dans la r\u00e9gulation des \u00e9motions et des comportements apr\u00e8s un programme d\u2019entra\u00eenement \u00e0 la Pleine conscience, gr\u00e2ce \u00e0 la neuroplasticit\u00e9. Vous trouverez quelques r\u00e9f\u00e9rences ci-dessous.<\/p>\n\n\n\n<p><\/p>\n\n\n\n<p>&gt; <a rel=\"noreferrer noopener\" href=\"https:\/\/www.presenceasoi-delchambre.be\/WP\/references\/\" data-type=\"URL\" data-id=\"https:\/\/www.presenceasoi-delchambre.be\/WP\/references\/\" target=\"_blank\"><em><mark style=\"background-color:#f2f2f2\" class=\"has-inline-color has-black-color\">Quelques r\u00e9f\u00e9rences pour en savoir plus&#8230;<\/mark><\/em><\/a><\/p>\n\n\n\n<p><\/p>\n\n\n\n<p><\/p>\n\n\n\n<p><\/p>\n","protected":false},"excerpt":{"rendered":"<p>Bienvenue sur le site Pr\u00e9sence \u00e0 soi et \u00e0 la vie. Je vous y pr\u00e9sente mes activit\u00e9s autour de la mindfulness, aussi appel\u00e9e Pleine Conscience.&hellip;<\/p>\n","protected":false},"author":1,"featured_media":0,"parent":0,"menu_order":0,"comment_status":"closed","ping_status":"closed","template":"","meta":{"footnotes":""},"class_list":["post-7","page","type-page","status-publish","hentry"],"_links":{"self":[{"href":"https:\/\/www.presenceasoi-delchambre.be\/WP\/wp-json\/wp\/v2\/pages\/7","targetHints":{"allow":["GET"]}}],"collection":[{"href":"https:\/\/www.presenceasoi-delchambre.be\/WP\/wp-json\/wp\/v2\/pages"}],"about":[{"href":"https:\/\/www.presenceasoi-delchambre.be\/WP\/wp-json\/wp\/v2\/types\/page"}],"author":[{"embeddable":true,"href":"https:\/\/www.presenceasoi-delchambre.be\/WP\/wp-json\/wp\/v2\/users\/1"}],"replies":[{"embeddable":true,"href":"https:\/\/www.presenceasoi-delchambre.be\/WP\/wp-json\/wp\/v2\/comments?post=7"}],"version-history":[{"count":56,"href":"https:\/\/www.presenceasoi-delchambre.be\/WP\/wp-json\/wp\/v2\/pages\/7\/revisions"}],"predecessor-version":[{"id":429,"href":"https:\/\/www.presenceasoi-delchambre.be\/WP\/wp-json\/wp\/v2\/pages\/7\/revisions\/429"}],"wp:attachment":[{"href":"https:\/\/www.presenceasoi-delchambre.be\/WP\/wp-json\/wp\/v2\/media?parent=7"}],"curies":[{"name":"wp","href":"https:\/\/api.w.org\/{rel}","templated":true}]}}

<div style="height:16px" aria-hidden="true" class="wp-block-spacer"></div>



<div class="wp-block-cover" style="min-height:187px;aspect-ratio:unset;"><span aria-hidden="true" class="wp-block-cover__background has-background-dim-10 has-background-dim"></span><img loading="lazy" decoding="async" width="2000" height="450" class="wp-block-cover__image-background wp-image-411" alt="" src="https://www.presenceasoi-delchambre.be/WP/wp-content/uploads/2022/06/imcyse-2-1-e1655126335367.jpg" data-object-fit="cover" srcset="https://www.presenceasoi-delchambre.be/WP/wp-content/uploads/2022/06/imcyse-2-1-e1655126335367.jpg 2000w, https://www.presenceasoi-delchambre.be/WP/wp-content/uploads/2022/06/imcyse-2-1-e1655126335367-300x68.jpg 300w, https://www.presenceasoi-delchambre.be/WP/wp-content/uploads/2022/06/imcyse-2-1-e1655126335367-1024x230.jpg 1024w, https://www.presenceasoi-delchambre.be/WP/wp-content/uploads/2022/06/imcyse-2-1-e1655126335367-768x173.jpg 768w, https://www.presenceasoi-delchambre.be/WP/wp-content/uploads/2022/06/imcyse-2-1-e1655126335367-1536x346.jpg 1536w" sizes="auto, (max-width: 2000px) 100vw, 2000px" /><div class="wp-block-cover__inner-container is-layout-flow wp-block-cover-is-layout-flow">
<p class="has-text-align-center has-medium-font-size"><strong><em>«&nbsp;La pleine conscience est une aventure</em>. <em>Le moment présent, un moment précieux&nbsp;»</em><br><em>Helana Rosenberg</em></strong></p>
</div></div>



<div style="height:18px" aria-hidden="true" class="wp-block-spacer"></div>



<div style="height:13px" aria-hidden="true" class="wp-block-spacer"></div>



<div class="wp-block-columns is-layout-flex wp-container-core-columns-is-layout-9d6595d7 wp-block-columns-is-layout-flex">
<div class="wp-block-column is-layout-flow wp-block-column-is-layout-flow" style="flex-basis:100%">
<p class="has-text-align-center has-background" style="background-color:#ffffff00;font-size:24px">Bienvenue sur le site <strong>Présence à soi et à la vie</strong>. <br>Je vous y présente mes activités autour de la <br>mindfulness, aussi appelée Pleine Conscience.<br><br><em>Martine Delchambre</em></p>
</div>
</div>



<p class="has-text-align-center has-black-color has-text-color has-background has-medium-font-size" style="background-color:#a7c3d44f"><em><strong>Introduction sur la méditation de Pleine Conscience</strong></em></p>



<p class="has-text-align-center"><em>«&nbsp;La méditation de pleine conscience n’est pas une technique,</em><br><em>C’est une manière d’être, comme dans «&nbsp;bien-être&nbsp;» et dans «&nbsp;être bien&nbsp;»&nbsp;</em><br><em>J. Kabat-Zinn</em><br></p>



<p>La <strong>méditation de Pleine Conscience</strong> est une pratique qui nous permet de développer et cultiver notre connexion au moment présent.</p>



<p>La Pleine Conscience (ou pleine présence ou attention juste) ne consiste pas à ne penser à rien, mais plutôt à centrer son attention soit de façon ciblée vers un ou plusieurs éléments du présent (sur sa respiration, sur ses sensations, sur ses émotions, sur ses pensées ou tout autre phénomène), soit de façon non-ciblée, en se mettant à l’écoute de tous les éléments de l&rsquo;instant présent.</p>



<p>La Pleine Conscience nous aide à observer l&rsquo;apparition et la disparition des sensations agréables, neutres ou désagréables, sans juger, sans chercher à retenir la sensation agréable ni à rejeter la sensation désagréable. Avec le temps et la pratique, on apprend à se détacher de la sensation, à la vivre différemment. La Pleine Conscience nous aide aussi à observer nos émotions ou encore nos pensées. On apprend ainsi à mieux se connaître, se comprendre, toujours avec beaucoup de bienveillance&nbsp;; par exemple, identifier les schémas de pensée négatifs et répétitifs qui nous emprisonnent, identifier ce qui nous met en colère ou nous attriste, identifier nos besoins profonds, nous reconnecter à nos ressources internes,…</p>



<p>La Pleine Conscience nous permet, grâce à cette meilleure compréhension de nous-mêmes et à la prise de recul face aux défis de la vie (stress, épreuves de vie, difficulté à gérer ses émotions, douleurs chroniques, souffrance due à une maladie chronique,…), d’y faire face plus facilement et sereinement.</p>



<p>La Pleine Conscience nous permet de mieux prendre soin de nous mais également des autres. En effet, c’est en étant bien avec soi-même que nous pouvons développer des relations saines et positives avec autrui.</p>



<p>De nombreuses études scientifiques et les progrès récents dans le domaine des neurosciences ont permis de valider l’impact positif de la Pleine Conscience sur notre santé physique et mentale. De nombreuses recherches en neurosciences établissent en effet l’existence de changements importants dans l’organisation des réseaux de neurones impliqués dans la régulation des émotions et des comportements après un programme d’entraînement à la Pleine conscience, grâce à la neuroplasticité. Vous trouverez quelques références ci-dessous.</p>



<p></p>



<p>&gt; <a rel="noreferrer noopener" href="https://www.presenceasoi-delchambre.be/WP/references/" data-type="URL" data-id="https://www.presenceasoi-delchambre.be/WP/references/" target="_blank"><em><mark style="background-color:#f2f2f2" class="has-inline-color has-black-color">Quelques références pour en savoir plus&#8230;</mark></em></a></p>



<p></p>



<p></p>



<p></p>

<p>Bienvenue sur le site Présence à soi et à la vie. Je vous y présente mes activités autour de la mindfulness, aussi appelée Pleine Conscience.&hellip;</p>
